{"id":23790,"date":"2019-05-23T11:19:37","date_gmt":"2019-05-23T09:19:37","guid":{"rendered":"https:\/\/www.pb-franja.si\/obiscite-nas\/urnik\/"},"modified":"2023-07-21T09:55:20","modified_gmt":"2023-07-21T07:55:20","slug":"plan-der-besichtigungen","status":"publish","type":"page","link":"https:\/\/www.pb-franja.si\/de\/besuchen-sie-uns\/plan-der-besichtigungen\/","title":{"rendered":"\u00d6ffnungszeiten"},"content":{"rendered":"<div id='av_section_1'  class='avia-section av-2kd2ha-db8b7a3fc9917809cdee5f38eeff5a06 main_color avia-section-default avia-no-border-styling  avia-builder-el-0  avia-builder-el-no-sibling  avia-bg-style-scroll container_wrap fullsize'  ><div class='container av-section-cont-open' ><main  role=\"main\" itemprop=\"mainContentOfPage\"  class='template-page content  av-content-full alpha units'><div class='post-entry post-entry-type-page post-entry-23790'><div class='entry-content-wrapper clearfix'>\n<section  class='av_textblock_section av-jw7dpdoy-618cd409a27d72f4c9e2d35e7720b7ae '   itemscope=\"itemscope\" itemtype=\"https:\/\/schema.org\/CreativeWork\" ><div class='avia_textblock'  itemprop=\"text\" ><h2 class=\"tw-data-text tw-text-large tw-ta\" dir=\"ltr\" data-placeholder=\"Prevod\"><strong><span style=\"color: #ff0000;\">Partisanenkrankenhaus Franja wegen Sturmsch\u00e4den GESCHLOSSEN.<\/span><\/strong><\/h2>\n<div class=\"odpiralni_cas\"><h3 class=\"naslov_nakup\">\u00d6ffnungszeit<\/h3><div class=\"ogledsection\"><div class=\"ogledcontent odpiralnicas\"><div class=\"odpiralnicas_row\"><strong>Vom 1. 4. bis 30. 9. jeden Tag: <\/strong> 9:00\u201318:00 Uhr<\/strong><\/div><div class=\"odpiralnicas_row\"><strong>Vom 1. 10. bis 31. 10. jeden Tag:<\/strong> 9:00-16:00 Uhr<\/strong><\/div><div class=\"odpiralnicas_row\"><strong>Vom 1. 11. bis 31. 3.: <\/strong> Nach vereinbarung<\/strong><\/div><\/div><\/div>\n<\/div><\/section>\n<section  class='av_textblock_section av-jw7dpdoy-1-cec9b53bf1830c63bd971e68e34d245d '   itemscope=\"itemscope\" itemtype=\"https:\/\/schema.org\/CreativeWork\" ><div class='avia_textblock ogled_tb'  itemprop=\"text\" ><h3>Besichtigung<\/h3>\n<p>Die Schlucht Pasice ist ca. 10 Fu\u00dfminuten vom Parkplatz entfernt. Der Weg f\u00fchrt an einem Bachentlang, \u00fcber Steigungen, Treppen und Holzbr\u00fccken. Entlang des Weges stehen Erkl\u00e4rungsschilder mit Informationen in slowenischer und englischer Sprache. Die Besichtigungen erfolgen individuell, F\u00fchrungen werden gegen Zuzahlung nur f\u00fcr im Voraus angemeldete Gruppen organisiert. Die maximale Anzahl der Personen in einer Gruppe ist 50; nach Bedarf werden die Besucher in zwei oder mehrere Gruppen aufgeteilt. Den Besuchern empfehlen wir, feste Schuhe zu tragen (Sportschuhe, Trekkingschuhe). Den bewegungseingeschr\u00e4nkten Personen raten wir von der Besichtigung ab. Willkommen sind auch vierbeinige Freunde, doch Sie m\u00fcssen sie an der Leine haben.<\/p>\n<\/div><\/section>\n<section  class='av_textblock_section av-jz14vkey-ae9ac0078ad43735d8008a100114fdf0 '   itemscope=\"itemscope\" itemtype=\"https:\/\/schema.org\/CreativeWork\" ><div class='avia_textblock'  itemprop=\"text\" ><br><div class=\"dodatni_kontakt kontakt_vstopnice\"><div class=\"sidebarheading brownH3\">Kontaktdaten<\/div><div class=\"\"><a class=\"link_telefon kontaktlink\" href=\"tel:0038653723180\" target=\"_blank\">+386 (0)5 37 231 80<\/a><a class=\"link_email kontaktlink\" href=\"mailto:info@muzej-idrija-cerkno.si\" target=\"_blank\">info@muzej-idrija-cerkno.si<\/a><\/div><\/div>\n<\/div><\/section>\n\n","protected":false},"excerpt":{"rendered":"","protected":false},"author":7,"featured_media":0,"parent":23749,"menu_order":0,"comment_status":"closed","ping_status":"closed","template":"template-obiscite_nas.php","meta":{"_acf_changed":false,"footnotes":""},"class_list":["post-23790","page","type-page","status-publish","hentry"],"acf":[],"yoast_head":"<!-- This site is optimized with the Yoast SEO plugin v26.4 - https:\/\/yoast.com\/wordpress\/plugins\/seo\/ -->\n<title>\u00d6ffnungszeiten - Partizanska bolnica Franja<\/title>\n<meta name=\"robots\" content=\"index, follow, max-snippet:-1, max-image-preview:large, max-video-preview:-1\" \/>\n<link rel=\"canonical\" href=\"https:\/\/www.pb-franja.si\/de\/besuchen-sie-uns\/plan-der-besichtigungen\/\" \/>\n<meta property=\"og:locale\" content=\"de_DE\" \/>\n<meta property=\"og:type\" content=\"article\" \/>\n<meta property=\"og:title\" content=\"\u00d6ffnungszeiten - Partizanska bolnica Franja\" \/>\n<meta property=\"og:url\" content=\"https:\/\/www.pb-franja.si\/de\/besuchen-sie-uns\/plan-der-besichtigungen\/\" \/>\n<meta property=\"og:site_name\" content=\"Partizanska bolnica Franja\" \/>\n<meta property=\"article:modified_time\" content=\"2023-07-21T07:55:20+00:00\" \/>\n<meta name=\"twitter:card\" content=\"summary_large_image\" \/>\n<meta name=\"twitter:label1\" content=\"Gesch\u00e4tzte Lesezeit\" \/>\n\t<meta name=\"twitter:data1\" content=\"2\u00a0Minuten\" \/>\n<script type=\"application\/ld+json\" class=\"yoast-schema-graph\">{\"@context\":\"https:\/\/schema.org\",\"@graph\":[{\"@type\":\"WebPage\",\"@id\":\"https:\/\/www.pb-franja.si\/de\/besuchen-sie-uns\/plan-der-besichtigungen\/\",\"url\":\"https:\/\/www.pb-franja.si\/de\/besuchen-sie-uns\/plan-der-besichtigungen\/\",\"name\":\"\u00d6ffnungszeiten - Partizanska bolnica Franja\",\"isPartOf\":{\"@id\":\"https:\/\/www.pb-franja.si\/#website\"},\"datePublished\":\"2019-05-23T09:19:37+00:00\",\"dateModified\":\"2023-07-21T07:55:20+00:00\",\"breadcrumb\":{\"@id\":\"https:\/\/www.pb-franja.si\/de\/besuchen-sie-uns\/plan-der-besichtigungen\/#breadcrumb\"},\"inLanguage\":\"de\",\"potentialAction\":[{\"@type\":\"ReadAction\",\"target\":[\"https:\/\/www.pb-franja.si\/de\/besuchen-sie-uns\/plan-der-besichtigungen\/\"]}]},{\"@type\":\"BreadcrumbList\",\"@id\":\"https:\/\/www.pb-franja.si\/de\/besuchen-sie-uns\/plan-der-besichtigungen\/#breadcrumb\",\"itemListElement\":[{\"@type\":\"ListItem\",\"position\":1,\"name\":\"Home\",\"item\":\"https:\/\/www.pb-franja.si\/de\/\"},{\"@type\":\"ListItem\",\"position\":2,\"name\":\"Besuchen Sie uns\",\"item\":\"https:\/\/www.pb-franja.si\/de\/besuchen-sie-uns\/\"},{\"@type\":\"ListItem\",\"position\":3,\"name\":\"\u00d6ffnungszeiten\"}]},{\"@type\":\"WebSite\",\"@id\":\"https:\/\/www.pb-franja.si\/#website\",\"url\":\"https:\/\/www.pb-franja.si\/\",\"name\":\"Partizanska bolnica Franja\",\"description\":\"Partizanska bolnica Franja\",\"potentialAction\":[{\"@type\":\"SearchAction\",\"target\":{\"@type\":\"EntryPoint\",\"urlTemplate\":\"https:\/\/www.pb-franja.si\/?s={search_term_string}\"},\"query-input\":{\"@type\":\"PropertyValueSpecification\",\"valueRequired\":true,\"valueName\":\"search_term_string\"}}],\"inLanguage\":\"de\"}]}<\/script>\n<!-- \/ Yoast SEO plugin. -->","yoast_head_json":{"title":"\u00d6ffnungszeiten - Partizanska bolnica Franja","robots":{"index":"index","follow":"follow","max-snippet":"max-snippet:-1","max-image-preview":"max-image-preview:large","max-video-preview":"max-video-preview:-1"},"canonical":"https:\/\/www.pb-franja.si\/de\/besuchen-sie-uns\/plan-der-besichtigungen\/","og_locale":"de_DE","og_type":"article","og_title":"\u00d6ffnungszeiten - Partizanska bolnica Franja","og_url":"https:\/\/www.pb-franja.si\/de\/besuchen-sie-uns\/plan-der-besichtigungen\/","og_site_name":"Partizanska bolnica Franja","article_modified_time":"2023-07-21T07:55:20+00:00","twitter_card":"summary_large_image","twitter_misc":{"Gesch\u00e4tzte Lesezeit":"2\u00a0Minuten"},"schema":{"@context":"https:\/\/schema.org","@graph":[{"@type":"WebPage","@id":"https:\/\/www.pb-franja.si\/de\/besuchen-sie-uns\/plan-der-besichtigungen\/","url":"https:\/\/www.pb-franja.si\/de\/besuchen-sie-uns\/plan-der-besichtigungen\/","name":"\u00d6ffnungszeiten - Partizanska bolnica Franja","isPartOf":{"@id":"https:\/\/www.pb-franja.si\/#website"},"datePublished":"2019-05-23T09:19:37+00:00","dateModified":"2023-07-21T07:55:20+00:00","breadcrumb":{"@id":"https:\/\/www.pb-franja.si\/de\/besuchen-sie-uns\/plan-der-besichtigungen\/#breadcrumb"},"inLanguage":"de","potentialAction":[{"@type":"ReadAction","target":["https:\/\/www.pb-franja.si\/de\/besuchen-sie-uns\/plan-der-besichtigungen\/"]}]},{"@type":"BreadcrumbList","@id":"https:\/\/www.pb-franja.si\/de\/besuchen-sie-uns\/plan-der-besichtigungen\/#breadcrumb","itemListElement":[{"@type":"ListItem","position":1,"name":"Home","item":"https:\/\/www.pb-franja.si\/de\/"},{"@type":"ListItem","position":2,"name":"Besuchen Sie uns","item":"https:\/\/www.pb-franja.si\/de\/besuchen-sie-uns\/"},{"@type":"ListItem","position":3,"name":"\u00d6ffnungszeiten"}]},{"@type":"WebSite","@id":"https:\/\/www.pb-franja.si\/#website","url":"https:\/\/www.pb-franja.si\/","name":"Partizanska bolnica Franja","description":"Partizanska bolnica Franja","potentialAction":[{"@type":"SearchAction","target":{"@type":"EntryPoint","urlTemplate":"https:\/\/www.pb-franja.si\/?s={search_term_string}"},"query-input":{"@type":"PropertyValueSpecification","valueRequired":true,"valueName":"search_term_string"}}],"inLanguage":"de"}]}},"_links":{"self":[{"href":"https:\/\/www.pb-franja.si\/de\/wp-json\/wp\/v2\/pages\/23790","targetHints":{"allow":["GET"]}}],"collection":[{"href":"https:\/\/www.pb-franja.si\/de\/wp-json\/wp\/v2\/pages"}],"about":[{"href":"https:\/\/www.pb-franja.si\/de\/wp-json\/wp\/v2\/types\/page"}],"author":[{"embeddable":true,"href":"https:\/\/www.pb-franja.si\/de\/wp-json\/wp\/v2\/users\/7"}],"replies":[{"embeddable":true,"href":"https:\/\/www.pb-franja.si\/de\/wp-json\/wp\/v2\/comments?post=23790"}],"version-history":[{"count":17,"href":"https:\/\/www.pb-franja.si\/de\/wp-json\/wp\/v2\/pages\/23790\/revisions"}],"predecessor-version":[{"id":29457,"href":"https:\/\/www.pb-franja.si\/de\/wp-json\/wp\/v2\/pages\/23790\/revisions\/29457"}],"up":[{"embeddable":true,"href":"https:\/\/www.pb-franja.si\/de\/wp-json\/wp\/v2\/pages\/23749"}],"wp:attachment":[{"href":"https:\/\/www.pb-franja.si\/de\/wp-json\/wp\/v2\/media?parent=23790"}],"curies":[{"name":"wp","href":"https:\/\/api.w.org\/{rel}","templated":true}]}}

Öffnungszeiten

<div id='av_section_1'  class='avia-section av-2kd2ha-db8b7a3fc9917809cdee5f38eeff5a06 main_color avia-section-default avia-no-border-styling  avia-builder-el-0  avia-builder-el-no-sibling  avia-bg-style-scroll container_wrap fullsize'  ><div class='container av-section-cont-open' ><main  role="main" itemprop="mainContentOfPage"  class='template-page content  av-content-full alpha units'><div class='post-entry post-entry-type-page post-entry-23790'><div class='entry-content-wrapper clearfix'>
<section  class='av_textblock_section av-jw7dpdoy-618cd409a27d72f4c9e2d35e7720b7ae '   itemscope="itemscope" itemtype="https://schema.org/CreativeWork" ><div class='avia_textblock'  itemprop="text" ><h2 class="tw-data-text tw-text-large tw-ta" dir="ltr" data-placeholder="Prevod"><strong><span style="color: #ff0000;">Partisanenkrankenhaus Franja wegen Sturmschäden GESCHLOSSEN.</span></strong></h2>
<div class="odpiralni_cas"><h3 class="naslov_nakup">Öffnungszeit</h3><div class="ogledsection"><div class="ogledcontent odpiralnicas"><div class="odpiralnicas_row"><strong>Vom 1. 4. bis 30. 9. jeden Tag: </strong> 9:00–18:00 Uhr</strong></div><div class="odpiralnicas_row"><strong>Vom 1. 10. bis 31. 10. jeden Tag:</strong> 9:00-16:00 Uhr</strong></div><div class="odpiralnicas_row"><strong>Vom 1. 11. bis 31. 3.: </strong> Nach vereinbarung</strong></div></div></div>
</div></section>
<section  class='av_textblock_section av-jw7dpdoy-1-cec9b53bf1830c63bd971e68e34d245d '   itemscope="itemscope" itemtype="https://schema.org/CreativeWork" ><div class='avia_textblock ogled_tb'  itemprop="text" ><h3>Besichtigung</h3>
<p>Die Schlucht Pasice ist ca. 10 Fußminuten vom Parkplatz entfernt. Der Weg führt an einem Bachentlang, über Steigungen, Treppen und Holzbrücken. Entlang des Weges stehen Erklärungsschilder mit Informationen in slowenischer und englischer Sprache. Die Besichtigungen erfolgen individuell, Führungen werden gegen Zuzahlung nur für im Voraus angemeldete Gruppen organisiert. Die maximale Anzahl der Personen in einer Gruppe ist 50; nach Bedarf werden die Besucher in zwei oder mehrere Gruppen aufgeteilt. Den Besuchern empfehlen wir, feste Schuhe zu tragen (Sportschuhe, Trekkingschuhe). Den bewegungseingeschränkten Personen raten wir von der Besichtigung ab. Willkommen sind auch vierbeinige Freunde, doch Sie müssen sie an der Leine haben.</p>
</div></section>
<section  class='av_textblock_section av-jz14vkey-ae9ac0078ad43735d8008a100114fdf0 '   itemscope="itemscope" itemtype="https://schema.org/CreativeWork" ><div class='avia_textblock'  itemprop="text" ><br><div class="dodatni_kontakt kontakt_vstopnice"><div class="sidebarheading brownH3">Kontaktdaten</div><div class=""><a class="link_telefon kontaktlink" href="tel:0038653723180" target="_blank">+386 (0)5 37 231 80</a><a class="link_email kontaktlink" href="mailto:info@muzej-idrija-cerkno.si" target="_blank">info@muzej-idrija-cerkno.si</a></div></div>
</div></section>

<!-- This site is optimized with the Yoast SEO plugin v26.4 - https://yoast.com/wordpress/plugins/seo/ -->
<title>Öffnungszeiten - Partizanska bolnica Franja</title>
<meta name="robots" content="index, follow, max-snippet:-1, max-image-preview:large, max-video-preview:-1" />
<link rel="canonical" href="https://www.pb-franja.si/de/besuchen-sie-uns/plan-der-besichtigungen/" />
<meta property="og:locale" content="de_DE" />
<meta property="og:type" content="article" />
<meta property="og:title" content="Öffnungszeiten - Partizanska bolnica Franja" />
<meta property="og:url" content="https://www.pb-franja.si/de/besuchen-sie-uns/plan-der-besichtigungen/" />
<meta property="og:site_name" content="Partizanska bolnica Franja" />
<meta property="article:modified_time" content="2023-07-21T07:55:20+00:00" />
<meta name="twitter:card" content="summary_large_image" />
<meta name="twitter:label1" content="Geschätzte Lesezeit" />
	<meta name="twitter:data1" content="2 Minuten" />
<script type="application/ld+json" class="yoast-schema-graph">{"@context":"https://schema.org","@graph":[{"@type":"WebPage","@id":"https://www.pb-franja.si/de/besuchen-sie-uns/plan-der-besichtigungen/","url":"https://www.pb-franja.si/de/besuchen-sie-uns/plan-der-besichtigungen/","name":"Öffnungszeiten - Partizanska bolnica Franja","isPartOf":{"@id":"https://www.pb-franja.si/#website"},"datePublished":"2019-05-23T09:19:37+00:00","dateModified":"2023-07-21T07:55:20+00:00","breadcrumb":{"@id":"https://www.pb-franja.si/de/besuchen-sie-uns/plan-der-besichtigungen/#breadcrumb"},"inLanguage":"de","potentialAction":[{"@type":"ReadAction","target":["https://www.pb-franja.si/de/besuchen-sie-uns/plan-der-besichtigungen/"]}]},{"@type":"BreadcrumbList","@id":"https://www.pb-franja.si/de/besuchen-sie-uns/plan-der-besichtigungen/#breadcrumb","itemListElement":[{"@type":"ListItem","position":1,"name":"Home","item":"https://www.pb-franja.si/de/"},{"@type":"ListItem","position":2,"name":"Besuchen Sie uns","item":"https://www.pb-franja.si/de/besuchen-sie-uns/"},{"@type":"ListItem","position":3,"name":"Öffnungszeiten"}]},{"@type":"WebSite","@id":"https://www.pb-franja.si/#website","url":"https://www.pb-franja.si/","name":"Partizanska bolnica Franja","description":"Partizanska bolnica Franja","potentialAction":[{"@type":"SearchAction","target":{"@type":"EntryPoint","urlTemplate":"https://www.pb-franja.si/?s={search_term_string}"},"query-input":{"@type":"PropertyValueSpecification","valueRequired":true,"valueName":"search_term_string"}}],"inLanguage":"de"}]}</script>
<!-- / Yoast SEO plugin. -->

Öffnungszeiten - Partizanska bolnica Franja
